d by 19.
11
Calculate the remainder when 135535 is divided by 43.
42
What is the remainder when 1380508 is divided by 1031?
1030
What is the remainder when 10481 is divided by 3349?
434
What is the remainder when 30531 is divided by 30421?
110
What is the remainder when 11165 is divided by 93?
5
Calculate the remainder when 5345 is divided by 1594.
563
What is the remainder when 9133 is divided by 145?
143
What is the remainder when 56228 is divided by 327?
311
Calculate the remainder when 591 is divided by 499.
92
Calculate the remainder when 52727 is divided by 93.
89
Calculate the remainder when 479680 is divided by 846.
844
What is the remainder when 6618 is divided by 3111?
396
Calculate the remainder when 224778 is divided by 709.
25
What is the remainder when 497960 is divided by 27?
26
What is the remainder when 1835724 is divided by 331?
329
Calculate the remainder when 76435 is divided by 245.
240
What is the remainder when 214205 is divided by 496?
429
What is the remainder when 296635 is divided by 101?
99
Calculate the remainder when 167839 is divided by 9.
7
Calculate the remainder when 9743 is divided by 513.
509
What is the remainder when 1375 is divided by 339?
19
What is the remainder when 22029 is divided by 68?
65
What is the remainder when 55023 is divided by 25?
23
What is the remainder when 76855 is divided by 349?
75
What is the remainder when 91503 is divided by 80?
63
Calculate the remainder when 304597 is divided by 10.
7
Calculate the remainder when 2756 is divided by 2617.
139
What is the remainder when 1091835 is divided by 156?
147
Calculate the remainder when 9489 is divided by 63.
39
What is the remainder when 300 is divided by 224?
76
Calculate the remainder when 2024 is divided by 649.
77
Calculate the remainder when 82314 is divided by 35.
29
Calculate the remainder when 167314 is divided by 219.
217
Calculate the remainder when 3731 is divided by 52.
39
What is the remainder when 477 is divided by 116?
13
What is the remainder when 186337 is divided by 770?
767
What is the remainder when 1699 is divided by 347?
311
Calculate the remainder when 154464 is divided by 77222.
20
What is the remainder when 11423 is divided by 63?
20
What is the remainder when 916 is divided by 27?
25
What is the remainder when 833 is divided by 136?
17
What is the remainder when 5351 is divided by 85?
81
Calculate the remainder when 172816 is divided by 27.
16
What is the remainder when 10656 is divided by 5290?
76
What is the remainder when 5630 is divided by 332?
318
Calculate the remainder when 65901 is divided by 21953.
42
What is the remainder when 4306 is divided by 1225?
631
Calculate the remainder when 105884 is divided by 509.
12
Calculate the remainder when 190795 is divided by 254.
41
What is the remainder when 18544 is divided by 167?
7
Calculate the remainder when 491015 is divided by 18.
11
Calculate the remainder when 5746 is divided by 1436.
2
What is the remainder when 467739 is divided by 746?
743
What is the remainder when 4683 is divided by 821?
578
Calculate the remainder when 1240 is divided by 33.
19
Calculate the remainder when 69786 is divided by 73.
71
Calculate the remainder when 645 is divided by 20.
5
What is the remainder when 1050 is divided by 34?
30
What is the remainder when 2475 is divided by 602?
67
Calculate the remainder when 71971 is divided by 181.
114
What is the remainder when 353656 is divided by 34?
22
Calculate the remainder when 11792 is divided by 1670.
102
Calculate the remainder when 125247 is divided by 412.
411
Calculate the remainder when 279278 is divided by 819.
818
What is the remainder when 1158837 is divided by 696?
693
What is the remainder when 6139 is divided by 2030?
49
What is the remainder when 11833 is divided by 1245?
628
What is the remainder when 6187499 is divided by 396?
395
What is the remainder when 66711 is divided by 73?
62
Calculate the remainder when 65066 is divided by 23.
22
Calculate the remainder when 11838 is divided by 610.
248
Calculate the remainder when 102220 is divided by 635.
620
What is the remainder when 4947 is divided by 1575?
222
Calculate the remainder when 90408 is divided by 443.
36
Calculate the remainder when 11606 is divided by 1054.
12
Calculate the remainder when 4445 is divided by 234.
233
Calculate the remainder when 272618 is divided by 1576.
1546
What is the remainder when 442187 is divided by 852?
851
What is the remainder when 295 is divided by 85?
40
What is the remainder when 60615 is divided by 455?
100
What is the remainder when 3784 is divided by 251?
19
What is the remainder when 314197 is divided by 1645?
2
What is the remainder when 77517 is divided by 85?
82
What is the remainder when 1925907 is divided by 1031?
1030
Calculate the remainder when 21789 is divided by 38.
15
What is the remainder when 10038 is divided by 137?
37
What is the remainder when 1842 is divided by 776?
290
Calculate the remainder when 2432 is divided by 244.
236
What is the remainder when 38999 is divided by 19337?
325
What is the remainder when 40140 is divided by 8013?
75
Calculate the remainder when 13012 is divided by 79.
56
What is the remainder when 118282 is divided by 334?
46
What is the remainder when 4609 is divided by 230?
9
Calculate the remainder when 93490 is divided by 53.
51
What is the remainder when 14803 is divided by 592?
3
Calculate the remainder when 17458 is divided by 220.
78
What is the remainder when 124445 is divided by 60?
5
What is the remainder when 19719 is divided by 185?
109
Calculate the remainder when 15805 is divided by 247.
244
Calculate the remainder when 830619 is divided by 34.
33
What is the remainder when 4140 is divided by 40?
20
Calculate the remainder when 1321 is divided by 113.
78
What is the remainder when 1105565 is divided by 3?
2
What is the remainder when 7703 is divided by 21?
17
Calculate the remainder when 36945 is divided by 2637.
27
Calculate the remainder when 4309 is divided by 350.
109
What is the remainder when 570927 is divided by 22837?
2
What is the remainder when 15122772 is divided by 2175?
2172
Calculate the remainder when 6744 is divided by 1305.
219
Calculate the remainder when 7513 is divided by 411.
115
Calculate the remainder when 113211 is divided by 1179.
27
Calculate the remainder when 10602 is divided by 5300.
2
Calculate the remainder when 16723197 is divided by 100.
97
Calculate the remainder when 75713 is divided by 419.
293
Calculate the remainder when 144167 is divided by 57.
14
What is the remainder when 39801 is divided by 147?
111
What is the remainder when 65 is divided by 46?
19
What is the remainder when 3636 is divided by 447?
60
Calculate the remainder when 10879 is divided by 237.
214
What is the remainder when 3156 is divided by 1045?
21
Calculate the remainder when 2142348 is divided by 175.
173
What is the remainder when 10186 is divided by 1017?
16
What is the remainder when 35711 is divided by 316?
3
Calculate the remainder when 201496 is divided by 11.
9
What is the remainder when 10348 is divided by 939?
19
What is the remainder when 4497 is divided by 219?
117
Calculate the remainder when 71487 is divided by 2306.
1
Calculate the remainder when 259301 is divided by 138.
137
What is the remainder when 14081 is divided by 14079?
2
Calculate the remainder when 16842 is divided by 235.
157
Calculate the remainder when 1073 is divided by 674.
399
Calculate the remainder when 22828 is divided by 129.
124
What is the remainder when 1653 is divided by 418?
399
Calculate the remainder when 2792 is divided by 618.
320
Calculate the remainder when 4060 is divided by 3894.
166
What is the remainder when 8184 is divided by 629?
7
Calculate the remainder when 4047 is divided by 4033.
14
Calculate the remainder when 8555 is divided by 22.
19
Calculate the remainder when 3696 is divided by 21.
0
What is the remainder when 371 is divided by 185?
1
Calculate the remainder when 5034 is divided by 96.
42
What is the remainder when 19301 is divided by 184?
165
What is the remainder when 1432 is divided by 275?
57
What is the remainder when 6328 is divided by 109?
6
What is the remainder when 179858 is divided by 21?
14
Calculate the remainder when 1306886 is divi